lse
Is 120384195 a multiple of 1895?
False
Is 948 a factor of 35979091?
False
Is 50837166 a multiple of 103?
False
Is 10 a factor of 63739713?
False
Is 217571427 a multiple of 1733?
False
Is 173781490 a multiple of 43?
True
Does 65 divide 13796185?
True
Does 6 divide 29304025?
False
Does 762 divide 459350518?
False
Is 7000 a factor of 1567158639?
False
Is 57685120 a multiple of 2605?
True
Is 28 a factor of 22327928?
True
Is 54491511 a multiple of 51?
True
Does 8106 divide 609911652?
True
Is 103239072 a multiple of 6?
True
Is 59037423 a multiple of 220?
False
Is 804964228 a multiple of 41?
False
Does 5 divide 322517706?
False
Is 1165500 a multiple of 20?
True
Is 1122588360 a multiple of 428?
True
Is 16 a factor of 195118595?
False
Is 480 a factor of 85477046?
False
Is 670 a factor of 5560326?
False
Is 1255727665 a multiple of 115?
True
Is 36 a factor of 2781633060?
True
Is 378484638 a multiple of 5334?
True
Is 20 a factor of 1466517460?
True
Is 38723850 a multiple of 110?
True
Does 26 divide 22850672?
True
Is 99968298 a multiple of 354?
False
Is 408361596 a multiple of 12?
True
Is 3384911 a multiple of 34?
False
Does 2191 divide 16184917?
True
Is 591113622 a multiple of 1280?
False
Does 4798 divide 180515154?
True
Is 4 a factor of 56360711?
False
Is 31280092 a multiple of 23?
True
Does 3 divide 10575995?
False
Is 37599279 a multiple of 10?
False
Does 12 divide 387145632?
True
Is 5 a factor of 196437945?
True
Does 20 divide 25485976?
False
Does 28 divide 80004929?
False
Is 1778737498 a multiple of 52?
False
Is 69418540 a multiple of 3?
False
Is 186943080 a multiple of 552?
True
Does 95 divide 95735494?
False
Does 80 divide 3487920?
True
Is 6324 a factor of 1031146394?
False
Is 452 a factor of 14068952?
True
Is 10 a factor of 13644991?
False
Does 22 divide 2867250?
False
Does 939 divide 1190580603?
False
Is 718 a factor of 2851120560?
True
Does 223 divide 176881370?
True
Does 391 divide 362043713?
True
Is 575100 a multiple of 12?
True
Is 3187728 a multiple of 157?
True
Is 2 a factor of 15466890?
True
Is 11 a factor of 83568417?
False
Is 195 a factor of 347829331?
False
Does 101 divide 218357913?
False
Is 199396494 a multiple of 52?
False
Is 289457313 a multiple of 15?
False
Does 9 divide 61496217?
True
Is 478192085 a multiple of 151?
True
Does 89 divide 45302424?
True
Is 8653638 a multiple of 350?
False
Is 34207624 a multiple of 66?
False
Is 550473320 a multiple of 2036?
True
Does 616 divide 1892700?
False
Does 8 divide 231783292?
False
Is 898950546 a multiple of 549?
False
Does 9 divide 138826710?
True
Is 47623383 a multiple of 59?
False
Is 95 a factor of 7655260?
False
Is 17 a factor of 1321023146?
False
Does 24 divide 14239016?
False
Is 5504541 a multiple of 283?
False
Is 1937 a factor of 625914957?
False
Is 301995876 a multiple of 7?
True
Is 3195785388 a multiple of 360?
False
Is 28090498 a multiple of 23?
True
Is 13489452 a multiple of 367?
True
Does 8 divide 4154596384?
True
Is 287 a factor of 3977691?
False
Is 9 a factor of 13802976?
True
Is 84124289 a multiple of 1001?
False
Does 1384 divide 58969472?
True
Does 7 divide 3462585?
True
Is 578120060 a multiple of 4373?
False
Does 63 divide 16966719?
True
Is 4598 a factor of 206266280?
True
Is 875166298 a multiple of 2402?
True
Does 24 divide 14609736?
True
Is 304696025 a multiple of 40?
False
Is 2961 a factor of 912427635?
False
Is 1797209840 a multiple of 40?
True
Is 7 a factor of 304225860?
False
Does 12 divide 48806497?
False
Is 913377286 a multiple of 7978?
True
Is 109517523 a multiple of 5810?
False
Is 81600442 a multiple of 14?
True
Does 529 divide 557369555?
False
Is 11 a factor of 414434036?
False
Is 588504685 a multiple of 417?
False
Is 19641634 a multiple of 14?
False
Is 12854205 a multiple of 273?
True
Does 274 divide 8371535?
False
Is 20 a factor of 3060030?
False
Does 357 divide 622413435?
True
Does 112 divide 290879904?
True
Is 26695597 a multiple of 10?
False
Does 105 divide 392741265?
True
Is 142093706 a multiple of 3910?
False
Is 1024226747 a multiple of 4861?
False
Does 2 divide 306554148?
True
Does 38 divide 755747994?
False
Is 34 a factor of 37654150?
True
Does 436 divide 868831152?
True
Does 1420 divide 3165243900?
True
Is 119 a factor of 13038569?
False
Is 55 a factor of 118324305?
True
Is 5 a factor of 216521611?
False
Is 323 a factor of 40080747?
True
Does 314 divide 2309616?
False
Is 213047 a multiple of 41?
False
Is 1054270 a multiple of 35?
True
Is 922 a factor of 77878574?
True
Does 45 divide 20802987?
False
Is 291565214 a multiple of 55?
False
Is 32206012 a multiple of 109?
True
Is 40 a factor of 43486240?
True
Is 20911437 a multiple of 603?
True
Is 121833805 a multiple of 10?
False
Is 2759669047 a multiple of 48?
False
Is 127974967 a multiple of 563?
True
Is 174 a factor of 3554820?
True
Is 25282967 a multiple of 16?
False
Does 5 divide 99877525?
True
Does 8 divide 87619510?
False
Is 176928715 a multiple of 120?
False
Is 1059 a factor of 46059713?
False
Is 619468800 a multiple of 12099?
True
Does 3084 divide 42124099?
False
Is 394 a factor of 6581827?
False
Does 95 divide 157799940?
True
Does 7 divide 928179863?
False
Is 90823843 a multiple of 187?
True
Does 3565 divide 1613936274?
False
Does 9 divide 28376838?
True
Does 19 divide 28902914?
True
Does 13 divide 599597622?
True
Is 60 a factor of 651324003?
False
Is 16 a factor of 1733499136?
True
Is 16 a factor of 41000816?
True
Is 428249138 a multiple of 569?
False
Is 3161 a factor of 1342561916?
False
Is 1234332 a multiple of 132?
True
Does 359 divide 3418940177?
False
Does 1503 divide 46154124?
True
Does 132 divide 32380321?
False
Is 59 a factor of 293055670?
False
Is 1796 a factor of 70800295?
False
Is 13102084 a multiple of 635?
False
Does 4511 divide 3187445781?
False
Does 9 divide 9373265?
False
Is 3979313 a multiple of 13?
True
Is 78726706 a multiple of 669?
False
Does 377 divide 785819916?
False
Is 1754 a factor of 24264836?
True
Is 176851056 a multiple of 762?
True
Is 1135691 a multiple of 14?
False
Does 35 divide 529998140?
True
Does 214 divide 367284562?
True
Does 90 divide 684909708?
False
Is 3157770 even?
True
Is 2711 a factor of 1641272741?
False
Is 113 a factor of 4543925?
False
Is 1752830353 a multiple of 877?
False
Does 735 divide 75993855?
True
Is 168223729 a multiple of 58?
False
Is 51 a factor of 2455051?
False
Is 716 a factor of 841617199?
False
Is 20300207 a multiple of 7?
False
Does 6 divide 59014262?
False
Does 17 divide 83422383?
True
Is 33170360 a multiple of 20?
True
Does 105 divide 38443020?
True
Is 13408230 a multiple of 15?
True
Is 56656133 even?
False
Is 49435309 a multiple of 1363?
False
Is 85 a factor of 394098250?
True
Does 6 divide 36204864?
True
Is 79 a factor of 880284008?
False
Does 243 divide 8819999?
False
Is 106 a factor of 38040343?
False
Is 342353151 a multiple of 721?
True
Is 426 a factor of 300963924?
False
Does 51 divide 122400459?
True
Is 615 a factor of 289270591?
False
Does 1028 divide 477254140?
True
Is 73513821 a multiple of 5?
False
Is 1081 a factor of 417785308?
False
Is 788311486 a multiple of 1386?
False
Is 811979847 a multiple of 22?
False
Is 19 a factor of 1861879497?
False
Does 3 divide 473281308?
True
Is 11 a factor of 133871848?
True
Is 16193794 a multiple of 46?
True
Is 2824 a factor of 338354736?
True
Is 32159666 a multiple of 209?
True
Is 210213623 a multiple of 640?
False
Does 1612 divide 5354180624?
True
Is 40624464 a multiple of 24?
True
Is 5908077756 a multiple of 22?
False
Is 89648900 a multiple of 110?
True
Does 638 divide 4253753950?
False
Does 193 divide 9825021?
False
Does 899 divide 88018393?
True
Is 540659199 a multiple of 579?
True
Is 47 a factor of 345192957?
True
Is 35783456 a multiple of 4157?
True
Is 10 a factor of 5093190?
True
Is 75598072 a multiple of 156?
False
Is 2051348232 a multiple of 5788?
True
Does 31 divide 6449767?
True
Does 360 divide 40554842?
False
Is 9 a factor of 91013208?
False
Does 56 divide 245896?
True
Does 22 divide 74217330?
True
Is 18938530 a multiple of 65?
True
Is 184 a factor of 19030649?
False
Does 70 divide 145737550?
True
Is 32908320 a multiple of 24?
True
Does 114 divide 1755313062?
True
Does 49 divide 2088447914?
True
Does 1842 divide 298888446?
True
Does 48 divide 406614384?
True
Is 4083584 a multi